 n be (49/2)/(1/2). Let l be 112/n + (-2)/7. Suppose -3*w = -y - 36, w - l*y - 12 = -0*w. What is the tens digit of w?
1
Suppose -5*p = 5*b + 160, -p + 2*p + 2*b = -28. Let j = 62 + p. What is the tens digit of j?
2
Let l = -61 - -87. What is the tens digit of l?
2
Let s(o) = 2*o + 2. Let x be s(11). Suppose 0 = 4*d - x - 56. What is the units digit of d?
0
Let l(z) = z**2 + 3*z - 3. Let f be l(2). Suppose -f*k + 5*k = -10. What is the units digit of k?
5
Let p = 135 - 31. What is the units digit of p?
4
Let y(x) = x**2 - 9*x + 4. Let b be y(10). Suppose 0 = u + 4*u - 90. Suppose -u = -4*p + b. What is the units digit of p?
8
Suppose -565 = -5*m + 3*r, 0 = -m - 4*r - 15 + 128. What is the units digit of m?
3
Suppose 5*h + 16 = -3*m, -2*h + 6 = -3*m + 25. What is the units digit of m?
3
Suppose 4*y + 6 = 7*y. Suppose -5 = y*p - 1. Let n = 6 - p. What is the units digit of n?
8
Suppose -16 = -6*l + 2*l. Suppose 7*v - l*v - 15 = 0. Suppose 5*k + 0*g - 2*g - v = 0, -3*k + 5*g = -3. What is the units digit of k?
1
Let w(z) = -z**3 - z**2 - 2*z - 1. Let c(x) = -7*x + 3. Let k(o) = o. Let q(f) = c(f) + 6*k(f). Let b be q(4). What is the units digit of w(b)?
1
Let f = 58 + -39. What is the units digit of f?
9
Suppose -96 = -s - 5*s. What is the units digit of s?
6
Let b(x) = 3 + 4*x + x - 3*x. What is the units digit of b(5)?
3
Let x(d) = 2*d**3 - d**2 - 2*d + 1. Suppose 4*k = -k + 10. What is the units digit of x(k)?
9
Let g be 0/3*(-1)/(-2). Let m = 4 - g. What is the units digit of m?
4
Let c be (12/9)/((-6)/9). Let i(t) = t**2 + t - 1. What is the units digit of i(c)?
1
Let n(f) = -f**2 - 10*f + 10. Let x be n(-9). Let u = x - 9. What is the units digit of u?
0
Let u(m) = -m**3 - m**2 - 7. What is the units digit of u(-5)?
3
Let j = 233 - 77. What is the units digit of j?
6
Let k be 2 - 3*(-2)/(-6). Suppose 11 = 4*z - k. Suppose 1 + z = q. What is the units digit of q?
4
Suppose m = -c + 6, c - 2*m = m + 10. Suppose -7 = -2*v + c. What is the units digit of v?
7
Suppose 0 = 3*v - 6 - 9. Suppose 0 = -5*c + 5*k + 65, -v*c + 65 = 4*k - 27. What is the units digit of c?
6
Let q be 3/(1 + 0)*3. Suppose q = z + 2*z. What is the units digit of z?
3
Let w = 1 + -1. Suppose 0*c + 4*c - 12 = w. Suppose -c*d + 0*d + 24 = 0. What is the units digit of d?
8
Let r = 172 - -83. What is the hundreds digit of r?
2
Suppose 0 = 5*z + 7 - 27. Suppose z*j - 3*h + 0*h - 69 = 0, -57 = -3*j - 3*h. What is the units digit of j?
8
Let f(w) = 3*w. Let b be f(-2). Let c = b - -14. What is the units digit of c?
8
Let d(w) = -2*w**2 + 8*w + 2. Let h be d(6). What is the units digit of (3 + -4)/(2/h)?
1
Suppose -p - 5*t + 0 - 3 = 0, 0 = 2*p - 3*t + 19. Let s be (9/2)/(6/p). What is the units digit of 6/9*s*-2?
8
What is the tens digit of 22 - ((-2)/(-2) - -3)?
1
Let j(k) = -20*k - 70. What is the hundreds digit of j(-11)?
1
Let m = -43 + 22. Let x = 47 + m. What is the tens digit of x?
2
Suppose 5*k = 3*p + 172, -3*p + 135 = 4*k - 8*p. What is the tens digit of k?
3
Let a = 11 - 7. Suppose a*k - 35 = 25. What is the tens digit of k?
1
What is the tens digit of ((-48)/56)/((-2)/126)?
5
Suppose -15 = 3*z, -4*t + z = -2*z - 343. What is the tens digit of t?
8
Let s be 1/3 - 286/(-6). Suppose 3*t = -t + s. What is the units digit of t?
2
Suppose -y = 2*y + 18. Let p be y/4*6/3. What is the units digit of 1/(p/4 + 1)?
4
Let d be 125/45 - (-2)/9. Suppose d*y + 4*n - 24 = n, 14 = y - n. What is the tens digit of y?
1
Let g(b) = -2*b - 7. Let m be g(-6). Suppose 2*w + 15 = m*w. What is the units digit of w?
5
Let s be (16/(-10))/((-4)/10). Suppose 4*t = -5*f + 187, 4*f - 66 - 65 = 3*t. Suppose q = -s*q + f. What is the units digit of q?
7
Let l(x) = -x + 7*x + 0*x. What is the units digit of l(5)?
0
Let s = 16 - 22. Suppose 3*m = -m - 3*z - 7, -5*z - 5 = 0. What is the units digit of ((-9)/s)/m*-4?
6
Let a be 4/5*(-350)/(-28). Suppose -4*p - 5*x - 8 = 0, 29 - a = p - 4*x. What is the units digit of p?
3
Let v(t) = -3 - 4*t + t + 4023*t**2 - t**3 - 4026*t**2. Let s be 2/(-4) + (-5)/2. What is the units digit of v(s)?
6
Suppose -2*t + 3*t = 2*y - 353, -y - 5*t = -182. What is the units digit of y?
7
What is the units digit of 39*50/5*(-2)/(-6)?
0
Let g = 1 - -13. What is the units digit of g?
4
Let i be (1 - 3/1) + 1. Let g = 29 + i. What is the tens digit of g?
2
Let l(s) = -s**2 - 2*s + 26. What is the units digit of l(-5)?
1
Suppose 811 = 5*c + 156. What is the hundreds digit of c?
1
Suppose 2*f = 4*f. Suppose 4*w + f*w - 34 = -3*o, 2*w - 4*o = 6. What is the units digit of (1 + (-15)/21)*w?
2
Let t(h) = 3*h**2 + h - 17. What is the units digit of t(-6)?
5
Let t(v) = 6*v**3 + 6*v**2 + 4*v + 8. Let w(f) = f**3 + f**2 + 1. Let i(x) = -t(x) + 5*w(x). Suppose 0 - 2 = m. What is the units digit of i(m)?
9
Let k(i) = -2*i**3 + 3*i**2 + 1. What is the tens digit of k(-2)?
2
Let y(v) = v + 2. Let o be y(0). Let t be (4/6)/(o/(-3)). What is the units digit of 2 + 0/t + 1?
3
Suppose 5*l - 4*v = 110, -v = l + 2*v - 3. What is the units digit of l?
8
Suppose 3*i = -5*t + 5, -3*i - 2*i = -5*t + 45. Suppose 0 = t*d - d - 30. What is the units digit of d?
0
What is the tens digit of (2 + -14)/((-1)/2)?
2
Suppose -6*c - 2*c = -16. Suppose -5*g - 20 = 0, -4*q + 5 = -3*g - 23. Suppose 2*t = q*i - 16, c*i + 3*t + 2 = -6. What is the units digit of i?
2
Suppose 2 = h + 5. Let q be 6/(-4)*(-4)/(-6). What is the units digit of (1 - h) + (q - 1)?
2
Suppose -34 = 5*r - 169. What is the tens digit of r?
2
Suppose 3*r = 4*q - 3*q + 5, 3*r + 35 = -q. Let o be 2*1*13/(-2). Let n = o - q. What is the units digit of n?
7
What is the tens digit of 88/5 + (-37)/(-5) + -7?
1
Suppose -4*r - 2*s = 120, -51 = 2*r + 3*s + 9. What is the tens digit of (-2)/4*r/1?
1
Suppose 0 = -2*z + 11 - 3. Let k(u) = -u**3 + 5*u**2 - 3*u - 1. Let b be k(z). Suppose 1 - 22 = -b*l. What is the units digit of l?
7
Suppose -a - 24 = -4*a. Suppose -a = 3*t - 5*t. What is the units digit of t?
4
Let d be 4/(-20) - (-48)/(-10). Let t(b) = b**3 + 6*b**2 + 4*b + 6. What is the tens digit of t(d)?
1
Suppose 2*l - 5*x + 3 - 126 = 0, 291 = 4*l + 5*x. Suppose 0 = 6*r - 2*r + u - l, -4*u = -r - 4. Let k = r - 7. What is the units digit of k?
9
Let v = -54 + 68. What is the tens digit of v?
1
Let i = 7 - 7. Suppose i*s - 18 = -3*s. Let j = s + 14. What is the tens digit of j?
2
Let l = -36 - -243. What is the tens digit of l?
0
Suppose -2*x + 0*x - 3*z + 13 = 0, -z = 5*x - 39. Let j = x + -7. Suppose 2*m = 3*l - 0*m + j, -m = 3*l - 14. What is the units digit of l?
3
What is the hundreds digit of (-1 + 4 - -33)*4?
1
Let i(y) = -y**2 + y - 2. Let o be i(0). Let u be (-7 - 1 - o)/1. Let q = 8 + u. What is the units digit of q?
2
Let v(k) = -2*k - 3. Let g be v(-2). Let p be g - 1 - (0 + -2). Suppose 5*h = j + 32, h + p*h + 2*j - 27 = 0. What is the units digit of h?
7
Suppose -5*v + 3*v = -2. Let y(l) = l**3 + l**2 - 1. What is the units digit of y(v)?
1
Suppose -36*u = -28*u - 1032. What is the hundreds digit of u?
1
Let a(g) = 2*g**2 + g. Let p be a(-2). Let s(n) = n**2 - 15*n - 6. Let v be s(15). What is the units digit of ((-8)/p)/(1/v)?
8
Let h(n) = 2*n**3 - 4*n**2 + 3 + 0*n + 0*n + 2*n - 4*n. What is the tens digit of h(3)?
1
Let p = 15 + -11. Let d = 2 + 10. Suppose -p*b + 16 = -d. What is the units digit of b?
7
Let w be 6/(-18) + (-13)/(-3). What is the units digit of w/((-8)/(-6)) - -26?
9
Suppose 0 = 2*h - 3*d - 89, 0 = -5*d + 4 + 21. What is the units digit of h?
2
Let x be ((-2)/(-3))/((-10)/(-3915)). What is the tens digit of x/7 - (-2)/(-7)?
3
Let d = 24 + -9. What is the units digit of d?
5
Suppose -p + 43 = -y + 6*y, 3*y = -2*p + 72. What is the units digit of p?
3
Let s be (-7)/(-1) - (-4)/2. Let w be 28/6 - 6/s. What is the units digit of 0 + 0 + w + 1?
5
Let k(l) = l**3 - 6*l**2 + l - 3. Suppose -5*q + 4*z = -14 - 28, 0 = -2*q - 4*z. Let w be k(q). Let y = w - 0. What is the units digit of y?
3
Suppose 0 - 3 = -g. Suppose -4*c = 2*q - 56, 2*c + c - 33 = g*q. What is the tens digit of c?
1
Let a be ((-30)/(-8) + -3)*4. Let s = a + -2. What is the units digit of s?
1
Suppose -4*o - 2*t + 7*t - 917 = 0, o + 2*t = -213. What is the tens digit of o/(-9) + 2/9?
2
Let v be 3 - (-3)/9*-3. Suppose 0 = i - v*i + 11. What is the tens digit